{"id":127,"date":"2024-02-09T14:25:12","date_gmt":"2024-02-09T13:25:12","guid":{"rendered":"https:\/\/www.iaph.es\/cursotribunales\/?page_id=127"},"modified":"2024-02-12T11:51:37","modified_gmt":"2024-02-12T10:51:37","slug":"informacion","status":"publish","type":"page","link":"https:\/\/www.iaph.es\/cursotribunales\/index.php\/informacion\/","title":{"rendered":"Informaci\u00f3n"},"content":{"rendered":"\t\t<div data-elementor-type=\"wp-page\" data-elementor-id=\"127\" class=\"elementor elementor-127\" data-elementor-post-type=\"page\">\n\t\t\t\t<div class=\"elementor-element elementor-element-9b19e7c e-flex e-con-boxed e-con e-parent\" data-id=\"9b19e7c\" data-element_type=\"container\" data-e-type=\"container\">\n\t\t\t\t\t<div class=\"e-con-inner\">\n\t\t\t\t\t<\/div>\n\t\t\t\t<\/div>\n\t\t<div class=\"elementor-element elementor-element-ab9f29f e-flex e-con-boxed e-con e-parent\" data-id=\"ab9f29f\" data-element_type=\"container\" data-e-type=\"container\">\n\t\t\t\t\t<div class=\"e-con-inner\">\n\t\t\t\t<div class=\"elementor-element elementor-element-14e2bba elementor-widget elementor-widget-text-editor\" data-id=\"14e2bba\" data-element_type=\"widget\" data-e-type=\"widget\" data-widget_type=\"text-editor.default\">\n\t\t\t\t<div class=\"elementor-widget-container\">\n\t\t\t\t\t\t\t\t\t<p><strong>Horario de informaci\u00f3n<\/strong>\u00a010:30 \u2013 13:30h.<\/p><p>Direcci\u00f3n de Investigaci\u00f3n y Transferencia<br \/>Departamento de Formaci\u00f3n<br \/>Camino de los Descubrimientos, s\/n<br \/>Isla de la Cartuja, 41092 Sevilla<br \/>Tel.: + 34 955037044<br \/><a href=\"mailto:formadifu.iaph@juntadeandalucia.es\">formadifu.iaph@juntadeandalucia.es<\/a><br \/><a href=\"https:\/\/www.iaph.es\" target=\"_blank\" rel=\"noopener noreferrer nofollow\">www.iaph.es<\/a><\/p>\t\t\t\t\t\t\t\t<\/div>\n\t\t\t\t<\/div>\n\t\t\t\t\t<\/div>\n\t\t\t\t<\/div>\n\t\t<div class=\"elementor-element elementor-element-d641c60 e-flex e-con-boxed e-con e-parent\" data-id=\"d641c60\" data-element_type=\"container\" data-e-type=\"container\">\n\t\t\t\t\t<div class=\"e-con-inner\">\n\t\t\t\t\t<\/div>\n\t\t\t\t<\/div>\n\t\t\t\t<\/div>\n\t\t","protected":false},"excerpt":{"rendered":"<p>Horario de informaci\u00f3n\u00a010:30 \u2013 13:30h. Direcci\u00f3n de Investigaci\u00f3n y TransferenciaDepartamento de Formaci\u00f3nCamino de los Descubrimientos, s\/nIsla de la Cartuja, 41092 SevillaTel.: + 34 955037044formadifu.iaph@juntadeandalucia.eswww.iaph.es<\/p>\n","protected":false},"author":1,"featured_media":0,"parent":0,"menu_order":0,"comment_status":"closed","ping_status":"closed","template":"","meta":{"footnotes":""},"class_list":["post-127","page","type-page","status-publish","hentry"],"_links":{"self":[{"href":"https:\/\/www.iaph.es\/cursotribunales\/index.php\/wp-json\/wp\/v2\/pages\/127","targetHints":{"allow":["GET"]}}],"collection":[{"href":"https:\/\/www.iaph.es\/cursotribunales\/index.php\/wp-json\/wp\/v2\/pages"}],"about":[{"href":"https:\/\/www.iaph.es\/cursotribunales\/index.php\/wp-json\/wp\/v2\/types\/page"}],"author":[{"embeddable":true,"href":"https:\/\/www.iaph.es\/cursotribunales\/index.php\/wp-json\/wp\/v2\/users\/1"}],"replies":[{"embeddable":true,"href":"https:\/\/www.iaph.es\/cursotribunales\/index.php\/wp-json\/wp\/v2\/comments?post=127"}],"version-history":[{"count":10,"href":"https:\/\/www.iaph.es\/cursotribunales\/index.php\/wp-json\/wp\/v2\/pages\/127\/revisions"}],"predecessor-version":[{"id":258,"href":"https:\/\/www.iaph.es\/cursotribunales\/index.php\/wp-json\/wp\/v2\/pages\/127\/revisions\/258"}],"wp:attachment":[{"href":"https:\/\/www.iaph.es\/cursotribunales\/index.php\/wp-json\/wp\/v2\/media?parent=127"}],"curies":[{"name":"wp","href":"https:\/\/api.w.org\/{rel}","templated":true}]}}