{"id":823,"date":"2024-12-09T11:16:41","date_gmt":"2024-12-09T11:16:41","guid":{"rendered":"https:\/\/www.iaph.es\/patrimonioygenero\/?page_id=823"},"modified":"2025-01-27T22:42:07","modified_gmt":"2025-01-27T22:42:07","slug":"el-juego-de-la-oca","status":"publish","type":"page","link":"https:\/\/www.iaph.es\/patrimonioygenero\/el-juego-de-la-oca\/","title":{"rendered":"El juego de la OCA"},"content":{"rendered":"\t\t<div data-elementor-type=\"wp-post\" data-elementor-id=\"823\" class=\"elementor elementor-823\" data-elementor-post-type=\"page\">\n\t\t\t\t<div class=\"elementor-element elementor-element-b065cd3 e-con-full mainbanner e-flex e-con e-parent\" data-id=\"b065cd3\" data-element_type=\"container\" data-e-type=\"container\" data-settings=\"{&quot;background_background&quot;:&quot;classic&quot;}\">\n\t\t<div class=\"elementor-element elementor-element-6cbb2f8 e-flex e-con-boxed e-con e-child\" data-id=\"6cbb2f8\" data-element_type=\"container\" data-e-type=\"container\">\n\t\t\t\t\t<div class=\"e-con-inner\">\n\t\t<div class=\"elementor-element elementor-element-a88054e e-flex e-con-boxed e-con e-child\" data-id=\"a88054e\" data-element_type=\"container\" data-e-type=\"container\">\n\t\t\t\t\t<div class=\"e-con-inner\">\n\t\t\t\t<div class=\"elementor-element elementor-element-50879f2 titulo1 elementor-widget elementor-widget-heading\" data-id=\"50879f2\" data-element_type=\"widget\" data-e-type=\"widget\" data-widget_type=\"heading.default\">\n\t\t\t\t<div class=\"elementor-widget-container\">\n\t\t\t\t\t<h1 class=\"elementor-heading-title elementor-size-default\">El juego<\/h1>\t\t\t\t<\/div>\n\t\t\t\t<\/div>\n\t\t\t\t<div class=\"elementor-element elementor-element-09ee2fe titulo2 elementor-widget elementor-widget-heading\" data-id=\"09ee2fe\" data-element_type=\"widget\" data-e-type=\"widget\" data-widget_type=\"heading.default\">\n\t\t\t\t<div class=\"elementor-widget-container\">\n\t\t\t\t\t<h2 class=\"elementor-heading-title elementor-size-default\">de la oca<\/h2>\t\t\t\t<\/div>\n\t\t\t\t<\/div>\n\t\t\t\t\t<\/div>\n\t\t\t\t<\/div>\n\t\t<div class=\"elementor-element elementor-element-696870b e-con-full e-flex e-con e-child\" data-id=\"696870b\" data-element_type=\"container\" data-e-type=\"container\" data-settings=\"{&quot;background_background&quot;:&quot;classic&quot;}\">\n\t\t\t\t<\/div>\n\t\t\t\t\t<\/div>\n\t\t\t\t<\/div>\n\t\t\t\t<\/div>\n\t\t<div class=\"elementor-element elementor-element-36da7cdb e-flex e-con-boxed e-con e-parent\" data-id=\"36da7cdb\" data-element_type=\"container\" data-e-type=\"container\">\n\t\t\t\t\t<div class=\"e-con-inner\">\n\t\t\t\t<div class=\"elementor-element elementor-element-744c6c7b elementor-widget elementor-widget-heading\" data-id=\"744c6c7b\" data-element_type=\"widget\" data-e-type=\"widget\" data-widget_type=\"heading.default\">\n\t\t\t\t<div class=\"elementor-widget-container\">\n\t\t\t\t\t<h2 class=\"elementor-heading-title elementor-size-default\">Sobre el juego de la OCA.<\/h2>\t\t\t\t<\/div>\n\t\t\t\t<\/div>\n\t\t<div class=\"elementor-element elementor-element-1f4f4702 e-flex e-con-boxed e-con e-child\" data-id=\"1f4f4702\" data-element_type=\"container\" data-e-type=\"container\">\n\t\t\t\t\t<div class=\"e-con-inner\">\n\t\t\t\t<div class=\"elementor-element elementor-element-c96486b elementor-widget elementor-widget-text-editor\" data-id=\"c96486b\" data-element_type=\"widget\" data-e-type=\"widget\" data-widget_type=\"text-editor.default\">\n\t\t\t\t<div class=\"elementor-widget-container\">\n\t\t\t\t\t\t\t\t\t<p>El juego de la OCA: Cuidados y Buenas Pr\u00e1cticas es una reinterpretaci\u00f3n educativa y l\u00fadica del cl\u00e1sico juego de mesa. Dise\u00f1ado con perspectiva de g\u00e9nero, invita a reflexionar sobre los retos que enfrentan las mujeres en diferentes \u00e1mbitos y a explorar valores como la sororidad y la equidad.<\/p><p>En esta secci\u00f3n puedes descargar todo lo necesario para jugar: las normas, que explican el significado de cada casilla y el objetivo del juego, y el tablero, ilustrado con elementos que representan situaciones y conceptos clave para fomentar el aprendizaje y el debate.<\/p>\t\t\t\t\t\t\t\t<\/div>\n\t\t\t\t<\/div>\n\t\t\t\t\t<\/div>\n\t\t\t\t<\/div>\n\t\t<div class=\"elementor-element elementor-element-59a5f5a e-con-full e-flex e-con e-child\" data-id=\"59a5f5a\" data-element_type=\"container\" data-e-type=\"container\">\n\t\t\t\t<div class=\"elementor-element elementor-element-5b3ef60 elementor-icon-list--layout-traditional elementor-list-item-link-full_width elementor-widget elementor-widget-icon-list\" data-id=\"5b3ef60\" data-element_type=\"widget\" data-e-type=\"widget\" data-widget_type=\"icon-list.default\">\n\t\t\t\t<div class=\"elementor-widget-container\">\n\t\t\t\t\t\t\t<ul class=\"elementor-icon-list-items\">\n\t\t\t\t\t\t\t<li class=\"elementor-icon-list-item\">\n\t\t\t\t\t\t\t\t\t\t\t<a href=\"https:\/\/www.iaph.es\/patrimonioygenero\/wp-content\/uploads\/2024\/12\/INTERIOR_PAG1_PAG2_compressed.pdf\" target=\"_blank\">\n\n\t\t\t\t\t\t\t\t\t\t\t<span class=\"elementor-icon-list-text\">Normas juego de la OCA<\/span>\n\t\t\t\t\t\t\t\t\t\t\t<\/a>\n\t\t\t\t\t\t\t\t\t<\/li>\n\t\t\t\t\t\t\t\t<li class=\"elementor-icon-list-item\">\n\t\t\t\t\t\t\t\t\t\t\t<a href=\"https:\/\/www.iaph.es\/patrimonioygenero\/wp-content\/uploads\/2025\/01\/JUEGO-DE-LA-OCA-GENERO.pdf\" target=\"_blank\">\n\n\t\t\t\t\t\t\t\t\t\t\t<span class=\"elementor-icon-list-text\">Tablero juego de la OCA<\/span>\n\t\t\t\t\t\t\t\t\t\t\t<\/a>\n\t\t\t\t\t\t\t\t\t<\/li>\n\t\t\t\t\t\t<\/ul>\n\t\t\t\t\t\t<\/div>\n\t\t\t\t<\/div>\n\t\t\t\t<\/div>\n\t\t\t\t\t<\/div>\n\t\t\t\t<\/div>\n\t\t\t\t<\/div>\n\t\t","protected":false},"excerpt":{"rendered":"<p>El juego de la oca Sobre el juego de la OCA. El juego de la OCA: Cuidados y Buenas Pr\u00e1cticas es una reinterpretaci\u00f3n educativa y l\u00fadica del cl\u00e1sico juego de mesa. Dise\u00f1ado con perspectiva de g\u00e9nero, invita a reflexionar sobre los retos que enfrentan las mujeres en diferentes \u00e1mbitos y a explorar valores como la [&hellip;]<\/p>\n","protected":false},"author":1,"featured_media":0,"parent":0,"menu_order":0,"comment_status":"closed","ping_status":"closed","template":"","meta":{"footnotes":""},"class_list":["post-823","page","type-page","status-publish","hentry"],"yoast_head":"<!-- This site is optimized with the Yoast SEO plugin v27.2 - https:\/\/yoast.com\/product\/yoast-seo-wordpress\/ -->\n<title>El juego de la OCA - Patrimonio y g\u00e9nero<\/title>\n<meta name=\"robots\" content=\"index, follow, max-snippet:-1, max-image-preview:large, max-video-preview:-1\" \/>\n<link rel=\"canonical\" href=\"https:\/\/www.iaph.es\/patrimonioygenero\/el-juego-de-la-oca\/\" \/>\n<meta property=\"og:locale\" content=\"es_ES\" \/>\n<meta property=\"og:type\" content=\"article\" \/>\n<meta property=\"og:title\" content=\"El juego de la OCA - Patrimonio y g\u00e9nero\" \/>\n<meta property=\"og:description\" content=\"El juego de la oca Sobre el juego de la OCA. El juego de la OCA: Cuidados y Buenas Pr\u00e1cticas es una reinterpretaci\u00f3n educativa y l\u00fadica del cl\u00e1sico juego de mesa. Dise\u00f1ado con perspectiva de g\u00e9nero, invita a reflexionar sobre los retos que enfrentan las mujeres en diferentes \u00e1mbitos y a explorar valores como la [&hellip;]\" \/>\n<meta property=\"og:url\" content=\"https:\/\/www.iaph.es\/patrimonioygenero\/el-juego-de-la-oca\/\" \/>\n<meta property=\"og:site_name\" content=\"Patrimonio y g\u00e9nero\" \/>\n<meta property=\"article:modified_time\" content=\"2025-01-27T22:42:07+00:00\" \/>\n<meta name=\"twitter:card\" content=\"summary_large_image\" \/>\n<meta name=\"twitter:label1\" content=\"Tiempo de lectura\" \/>\n\t<meta name=\"twitter:data1\" content=\"1 minuto\" \/>\n<script type=\"application\/ld+json\" class=\"yoast-schema-graph\">{\"@context\":\"https:\/\/schema.org\",\"@graph\":[{\"@type\":\"WebPage\",\"@id\":\"https:\/\/www.iaph.es\/patrimonioygenero\/el-juego-de-la-oca\/\",\"url\":\"https:\/\/www.iaph.es\/patrimonioygenero\/el-juego-de-la-oca\/\",\"name\":\"El juego de la OCA - Patrimonio y g\u00e9nero\",\"isPartOf\":{\"@id\":\"https:\/\/www.iaph.es\/patrimonioygenero\/#website\"},\"datePublished\":\"2024-12-09T11:16:41+00:00\",\"dateModified\":\"2025-01-27T22:42:07+00:00\",\"breadcrumb\":{\"@id\":\"https:\/\/www.iaph.es\/patrimonioygenero\/el-juego-de-la-oca\/#breadcrumb\"},\"inLanguage\":\"es\",\"potentialAction\":[{\"@type\":\"ReadAction\",\"target\":[\"https:\/\/www.iaph.es\/patrimonioygenero\/el-juego-de-la-oca\/\"]}]},{\"@type\":\"BreadcrumbList\",\"@id\":\"https:\/\/www.iaph.es\/patrimonioygenero\/el-juego-de-la-oca\/#breadcrumb\",\"itemListElement\":[{\"@type\":\"ListItem\",\"position\":1,\"name\":\"Portada\",\"item\":\"https:\/\/www.iaph.es\/patrimonioygenero\/\"},{\"@type\":\"ListItem\",\"position\":2,\"name\":\"El juego de la OCA\"}]},{\"@type\":\"WebSite\",\"@id\":\"https:\/\/www.iaph.es\/patrimonioygenero\/#website\",\"url\":\"https:\/\/www.iaph.es\/patrimonioygenero\/\",\"name\":\"IAPH 2024\",\"description\":\"\",\"potentialAction\":[{\"@type\":\"SearchAction\",\"target\":{\"@type\":\"EntryPoint\",\"urlTemplate\":\"https:\/\/www.iaph.es\/patrimonioygenero\/?s={search_term_string}\"},\"query-input\":{\"@type\":\"PropertyValueSpecification\",\"valueRequired\":true,\"valueName\":\"search_term_string\"}}],\"inLanguage\":\"es\"}]}<\/script>\n<!-- \/ Yoast SEO plugin. -->","yoast_head_json":{"title":"El juego de la OCA - Patrimonio y g\u00e9nero","robots":{"index":"index","follow":"follow","max-snippet":"max-snippet:-1","max-image-preview":"max-image-preview:large","max-video-preview":"max-video-preview:-1"},"canonical":"https:\/\/www.iaph.es\/patrimonioygenero\/el-juego-de-la-oca\/","og_locale":"es_ES","og_type":"article","og_title":"El juego de la OCA - Patrimonio y g\u00e9nero","og_description":"El juego de la oca Sobre el juego de la OCA. El juego de la OCA: Cuidados y Buenas Pr\u00e1cticas es una reinterpretaci\u00f3n educativa y l\u00fadica del cl\u00e1sico juego de mesa. Dise\u00f1ado con perspectiva de g\u00e9nero, invita a reflexionar sobre los retos que enfrentan las mujeres en diferentes \u00e1mbitos y a explorar valores como la [&hellip;]","og_url":"https:\/\/www.iaph.es\/patrimonioygenero\/el-juego-de-la-oca\/","og_site_name":"Patrimonio y g\u00e9nero","article_modified_time":"2025-01-27T22:42:07+00:00","twitter_card":"summary_large_image","twitter_misc":{"Tiempo de lectura":"1 minuto"},"schema":{"@context":"https:\/\/schema.org","@graph":[{"@type":"WebPage","@id":"https:\/\/www.iaph.es\/patrimonioygenero\/el-juego-de-la-oca\/","url":"https:\/\/www.iaph.es\/patrimonioygenero\/el-juego-de-la-oca\/","name":"El juego de la OCA - Patrimonio y g\u00e9nero","isPartOf":{"@id":"https:\/\/www.iaph.es\/patrimonioygenero\/#website"},"datePublished":"2024-12-09T11:16:41+00:00","dateModified":"2025-01-27T22:42:07+00:00","breadcrumb":{"@id":"https:\/\/www.iaph.es\/patrimonioygenero\/el-juego-de-la-oca\/#breadcrumb"},"inLanguage":"es","potentialAction":[{"@type":"ReadAction","target":["https:\/\/www.iaph.es\/patrimonioygenero\/el-juego-de-la-oca\/"]}]},{"@type":"BreadcrumbList","@id":"https:\/\/www.iaph.es\/patrimonioygenero\/el-juego-de-la-oca\/#breadcrumb","itemListElement":[{"@type":"ListItem","position":1,"name":"Portada","item":"https:\/\/www.iaph.es\/patrimonioygenero\/"},{"@type":"ListItem","position":2,"name":"El juego de la OCA"}]},{"@type":"WebSite","@id":"https:\/\/www.iaph.es\/patrimonioygenero\/#website","url":"https:\/\/www.iaph.es\/patrimonioygenero\/","name":"IAPH 2024","description":"","potentialAction":[{"@type":"SearchAction","target":{"@type":"EntryPoint","urlTemplate":"https:\/\/www.iaph.es\/patrimonioygenero\/?s={search_term_string}"},"query-input":{"@type":"PropertyValueSpecification","valueRequired":true,"valueName":"search_term_string"}}],"inLanguage":"es"}]}},"_links":{"self":[{"href":"https:\/\/www.iaph.es\/patrimonioygenero\/wp-json\/wp\/v2\/pages\/823","targetHints":{"allow":["GET"]}}],"collection":[{"href":"https:\/\/www.iaph.es\/patrimonioygenero\/wp-json\/wp\/v2\/pages"}],"about":[{"href":"https:\/\/www.iaph.es\/patrimonioygenero\/wp-json\/wp\/v2\/types\/page"}],"author":[{"embeddable":true,"href":"https:\/\/www.iaph.es\/patrimonioygenero\/wp-json\/wp\/v2\/users\/1"}],"replies":[{"embeddable":true,"href":"https:\/\/www.iaph.es\/patrimonioygenero\/wp-json\/wp\/v2\/comments?post=823"}],"version-history":[{"count":19,"href":"https:\/\/www.iaph.es\/patrimonioygenero\/wp-json\/wp\/v2\/pages\/823\/revisions"}],"predecessor-version":[{"id":1062,"href":"https:\/\/www.iaph.es\/patrimonioygenero\/wp-json\/wp\/v2\/pages\/823\/revisions\/1062"}],"wp:attachment":[{"href":"https:\/\/www.iaph.es\/patrimonioygenero\/wp-json\/wp\/v2\/media?parent=823"}],"curies":[{"name":"wp","href":"https:\/\/api.w.org\/{rel}","templated":true}]}}